{"id":28,"date":"2020-03-01T14:58:59","date_gmt":"2020-03-01T14:58:59","guid":{"rendered":"https:\/\/psych-mvz.de\/?page_id=28"},"modified":"2020-03-01T14:58:59","modified_gmt":"2020-03-01T14:58:59","slug":"impressum","status":"publish","type":"page","link":"https:\/\/www.mvz-nerven-psyche.de\/?page_id=28","title":{"rendered":"Impressum"},"content":{"rendered":"\n<p>Gesetzliche Berufsbezeichnung: Arzt<br>Staat, der die Berufsbezeichnung verliehen hat: Bundesrepublik Deutschland<\/p>\n\n\n\n<p class=\"has-medium-font-size\">Verantwortlich f\u00fcr den Inhalt<\/p>\n\n\n\n<p>Dr. med. Sven Ringelhahn<br>Heestweg 12a<br>22143 Hamburg<br>Telefon: 040 &#8211; 643 0844<br>Fax: 040 &#8211; 643 9991<br>info@pg-rahlstedt.de<\/p>\n\n\n\n<p class=\"has-medium-font-size\">Zust\u00e4ndige \u00c4rztekammer:<\/p>\n\n\n\n<p>\u00c4rztekammer Hamburg<br>Weidestr. 122 B <br>22083 Hamburg <br>Tel.: 040 &#8211; 202299-0<br>Fax: 040 &#8211; 202299-400<br>E-Mail: post@aekhh.de<br>www.aerztekammer-hamburg.de<\/p>\n\n\n\n<p class=\"has-medium-font-size\">Zust\u00e4ndige Kassen\u00e4rztliche Vereinigung<\/p>\n\n\n\n<p>Kassen\u00e4rztliche Vereinigung Hamburg (KVH)<br>Humboldtstra\u00dfe 56<br>22083 Hamburg<br>Tel.: 040 &#8211; 22802-0<br>www.kvhh.de<\/p>\n\n\n\n<p class=\"has-medium-font-size\">Berufsrechtliche Regelungen<\/p>\n\n\n\n<p>Berufsordnung: http:\/\/www.aerztekammer-hamburg.org\/rechtsvorschriften.htmlHamburgisches Kammergesetz f\u00fcr die Heilberufe: http:\/\/www.aerztekammer-hamburg.org\/rechtsvorschriften.html<\/p>\n\n\n\n<p class=\"has-medium-font-size\">Rechtliche Hinweise<\/p>\n\n\n\n<p>Die Inhalte dieser Webseite wurden mit gro\u00dfer Sorgfalt erstellt, dennoch \u00fcbernehme ich keine Verantwortung f\u00fcr Vollst\u00e4ndigkeit und Richtigkeit der Seiten und Inhalte.&nbsp; Auch die externen Links, also Verbindungen zu fremden Webseiten, wurden sorgf\u00e4ltig gepr\u00fcft. F\u00fcr den Inhalt dieser verlinkten Webseiten sind ausschlie\u00dflich deren Betreiber verantwortlich.<br>Im Fall von wettbewerbsrechtlichen, domainrechtlichen, urheberrechtlichen, datenschutzrechtlichen oder \u00e4hnlichen Problemen bitte ich Sie, mich zur Vermeidung unn\u00f6tiger Rechtsstreite und Kosten bereits im Vorfeld zu kontaktieren. Ich werde zu Recht beanstandete Passagen oder Links unverz\u00fcglich entfernen, ohne dass von Ihrer Seite die Einschaltung eines Rechtsbeistandes erforderlich ist. Die Kostennote einer anwaltlichen Abmahnung ohne vorhergehende Kontaktaufnahme mit mir wird im Sinne der Schadensminderungspflicht als unbegr\u00fcndet zur\u00fcckgewiesen und gegebenenfalls Gegenklage wegen Verletzung vorgenannter Bestimmungen erhoben.<br>Urheberrechtshinweis: <br>Bild: Copyright Dr. Sven Ringelhahn<br><\/p>\n","protected":false},"excerpt":{"rendered":"<p>Gesetzliche Berufsbezeichnung: ArztStaat, der die Berufsbezeichnung verliehen hat: Bundesrepublik Deutschland Verantwortlich f\u00fcr den Inhalt Dr. med. Sven RingelhahnHeestweg 12a22143 HamburgTelefon: 040 &#8211; [&hellip;]<\/p>\n","protected":false},"author":1,"featured_media":0,"parent":0,"menu_order":0,"comment_status":"closed","ping_status":"closed","template":"","meta":{"footnotes":""},"class_list":["post-28","page","type-page","status-publish","hentry"],"_links":{"self":[{"href":"https:\/\/www.mvz-nerven-psyche.de\/index.php?rest_route=\/wp\/v2\/pages\/28","targetHints":{"allow":["GET"]}}],"collection":[{"href":"https:\/\/www.mvz-nerven-psyche.de\/index.php?rest_route=\/wp\/v2\/pages"}],"about":[{"href":"https:\/\/www.mvz-nerven-psyche.de\/index.php?rest_route=\/wp\/v2\/types\/page"}],"author":[{"embeddable":true,"href":"https:\/\/www.mvz-nerven-psyche.de\/index.php?rest_route=\/wp\/v2\/users\/1"}],"replies":[{"embeddable":true,"href":"https:\/\/www.mvz-nerven-psyche.de\/index.php?rest_route=%2Fwp%2Fv2%2Fcomments&post=28"}],"version-history":[{"count":1,"href":"https:\/\/www.mvz-nerven-psyche.de\/index.php?rest_route=\/wp\/v2\/pages\/28\/revisions"}],"predecessor-version":[{"id":29,"href":"https:\/\/www.mvz-nerven-psyche.de\/index.php?rest_route=\/wp\/v2\/pages\/28\/revisions\/29"}],"wp:attachment":[{"href":"https:\/\/www.mvz-nerven-psyche.de\/index.php?rest_route=%2Fwp%2Fv2%2Fmedia&parent=28"}],"curies":[{"name":"wp","href":"https:\/\/api.w.org\/{rel}","templated":true}]}}